n(7)?
-22
Let h(j) = -1539*j + 4809. Determine h(3).
192
Let g(b) = 2*b**2 + 529*b - 9031. Give g(16).
-55
Let c(z) = -522*z**3 - 17*z**2 + 4*z + 1. What is c(-1)?
502
Let z(s) = 2*s**3 - 333*s**2 + 7967*s + 211. Give z(29).
-21
Let c(f) = -12*f**2 - 3348*f - 6581. Calculate c(-277).
67
Let n(p) = -135*p**2 + 842*p - 355. Calculate n(6).
-163
Let a(d) = 318*d + 5846. Determine a(-16).
758
Let c(n) = -3*n**2 + 1849*n + 9375. Give c(-5).
55
Let h(x) = x**3 - 35*x**2 - 362*x + 13530. Determine h(33).
-594
Let s(q) = -q**2 + 1222*q - 49524. Calculate s(42).
36
Let v(u) = -4249*u - 88464. Determine v(-21).
765
Let x(s) = -2*s**2 - 21*s + 8644. Give x(61).
-79
Let q(w) = -2*w**3 - 305*w**2 + 11378*w + 3. Give q(31).
34
Let n(h) = -2*h**3 + 43*h**2 + 496*h + 204. Determine n(-8).
12
Let g(u) = 2*u**3 + 128*u**2 + 42*u - 12746. Calculate g(-62).
26
Let b(q) = 5769*q + 17307. Calculate b(-3).
0
Let w(v) = -215*v - 51817. What is w(-234)?
-1507
Let l(w) = 11910*w - 35864. Determine l(3).
-134
Let f(a) = -2323*a + 62732. Give f(27).
11
Let r(f) = -f**3 + 10*f**2 - 100*f + 498. Calculate r(7).
-55
Let p(f) = -13*f**2 - 1007*f + 13347. Calculate p(13).
-1941
Let y(n) = n**3 + 115*n**2 - 1285*n + 341. Calculate y(10).
-9
Let x(n) = 7*n**2 - 1261*n + 17338. Calculate x(15).
-2
Let r(s) = 46703*s + 700538. What is r(-15)?
-7
Let y(b) = 12851*b - 89953. Give y(7).
4
Let y(j) = j**2 + 72*j - 7697. Determine y(61).
416
Let y(r) = 359*r + 9408. Give y(-27).
-285
Let w(f) = 111*f + 2362. What is w(7)?
3139
Let j(u) = 16657*u - 1099354. Determine j(66).
8
Let n(u) = -2*u**2 + 438*u + 16591. Give n(252).
-41
Let s(q) = -4*q**3 + 8*q**2 - 637*q - 644. Determine s(-1).
5
Let k(r) = r**3 - 128*r**2 - 308*r - 11138. Calculate k(131).
-3
Let t(x) = -3*x**3 - 330*x**2 - 6426*x - 706850. Calculate t(-110).
10
Let i(d) = d**3 + 8*d**2 - 90*d + 91. What is i(-17)?
-980
Let f(n) = n**2 - 24238*n + 581149. Give f(24).
13
Let x(r) = -3*r**3 + 219*r**2 - 1101*r + 46. Give x(68).
-5462
Let g(z) = 7*z**2 + 5686*z + 671006. What is g(-669)?
-1
Let x(j) = -2077*j**2 + 15151*j + 15150. Determine x(-1).
-2078
Let d(h) = -151*h**2 + 10263*h + 21481. What is d(70)?
-9
Let s(q) = -28*q**2 + 10578*q - 18804. Give s(376).
-4
Let l(d) = -d**3 - 19*d**2 - 182*d - 634. Calculate l(-6).
-10
Let t(g) = -64875*g - 648781. What is t(-10)?
-31
Let y(g) = -7*g**2 - 62*g - 44. What is y(-4)?
92
Let a(n) = n**2 - 193*n + 5378. What is a(29)?
622
Let u(n) = -801*n - 15880. Give u(-19).
-661
Let v(i) = 47242*i + 7. What is v(0)?
7
Let d(p) = -p**2 + 1136*p + 35056. Give d(-30).
76
Let j(r) = r**3 + 26*r**2 - 538*r - 13583. Determine j(-29).
-504
Let r(h) = -81*h**2 + 36*h - 72. Determine r(2).
-324
Let o(b) = -b**3 + 391*b**2 - 1987*b + 22153. Give o(386).
151
Let j(d) = 104*d**2 + 121*d - 1165. What is j(7)?
4778
Let z(w) = 22*w**2 + 151*w - 586. What is z(3)?
65
Let h(v) = -9*v**2 - 115*v - 407. Give h(-4).
-91
Let f(c) = -2*c**3 + 11*c**2 - 16*c - 377. Give f(-4).
-9
Let w(v) = 112877*v + 225730. What is w(-2)?
-24
Let y(p) = -p**2 + 35*p + 147. Give y(-4).
-9
Let t(x) = -2*x**3 + 104*x**2 - 70*x + 3626. Give t(52).
-14
Let y(x) = -33723*x + 2900048. Give y(86).
-130
Let l(a) = a**2 - 346*a + 17816. Calculate l(283).
-13
Let r(m) = -m**2 - 162*m - 10462. What is r(-59)?
-4385
Let n(z) = -z**2 - 345*z + 190826. Calculate n(-642).
152
Let g(n) = n**2 - 237932*n + 1903323. Calculate g(8).
-69
Let w(d) = -142349*d + 854041. Calculate w(6).
-53
Let w(f) = 11781*f + 23787. What is w(-2)?
225
Let r(i) = -15*i**2 + 581*i + 1494. What is r(41)?
100
Let y(k) = -14*k**2 + 89*k + 182. What is y(8)?
-2
Let z(w) = w**3 - 4*w**2 - 36*w + 215. Determine z(8).
183
Let s(d) = d**3 - 5*d**2 - 250*d + 1808. What is s(8)?
0
Let g(z) = 62*z**2 + 651*z - 946. Determine g(-12).
170
Let z(d) = -77105*d + 308052. What is z(4)?
-368
Let i(g) = -168*g + 11373. Calculate i(62).
957
Let g(y) = 1921*y**2 + 2*y + 5. Give g(1).
1928
Let s(u) = -u**3 + 8*u**2 + 453*u - 4607. Calculate s(11).
13
Let d(s) = -74535*s - 447211. What is d(-6)?
-1
Let y(c) = -c**3 + 21*c**2 - 2450*c + 57410. Give y(23).
2
Let s(u) = u**3 - 148*u**2 + 2219*u - 256. What is s(131)?
-1304
Let g(o) = o**3 + 4*o**2 - 9284*o - 64989. What is g(-7)?
-148
Let f(h) = 278*h - 16845. Calculate f(60).
-165
Let f(r) = -97*r**2 + 14639*r - 43031. What is f(3)?
13
Let q(x) = 7*x**2 - 10574*x - 31777. Calculate q(-3).
8
Let p(v) = 3*v**2 + 252*v + 43. Determine p(-83).
-206
Let n(j) = j**3 + 357*j**2 - 8738*j - 47. What is n(23)?
-1
Let s(c) = -2324*c - 30178. Give s(-13).
34
Let n(v) = -v**3 - 12*v**2 + 716*v + 8087. Determine n(-11).
90
Let v(z) = 12*z**3 + 100*z - 128. What is v(0)?
-128
Let m(p) = p**2 - 5782*p + 103734. Determine m(18).
-18
Let u(q) = -7674*q**2 + 130457*q + 21. What is u(17)?
4
Let o(p) = 138803*p + 694021. What is o(-5)?
6
Let y(m) = -18911*m - 2420615. Calculate y(-128).
-7
Let l(m) = -53*m**2 - 1952*m - 1721. Determine l(-36).
-137
Let g(w) = -9*w**2 + 53*w - 87. Calculate g(2).
-17
Let s(h) = -379*h**2 + 9861*h - 141. What is s(26)?
41
Let s(y) = -15*y**2 - 367*y - 265. Determine s(-24).
-97
Let h(i) = -1729*i + 203353. What is h(118)?
-669
Let m(w) = 13*w**2 - 11958*w + 45787. Give m(916).
-13
Let c(x) = x**3 - 31*x**2 - 33*x + 295. Give c(32).
263
Let n(d) = -d**3 + 184*d**2 - 2843*d - 24063. Calculate n(166).
7
Let u(s) = 77*s**2 - 314*s - 2493. Give u(8).
-77
Let f(i) = 536*i - 50300. Give f(94).
84
Let r(f) = -557*f - 13365. Give r(-24).
3
Let s(g) = -g**3 - 69*g**2 - 401*g + 723. Determine s(-8).
27
Let n(g) = 2*g**2 - 31*g - 1261. Give n(34).
-3
Let w(r) = 129*r**2 - 12697*r + 25386. Determine w(2).
508
Let q(j) = 723*j**2 - 9466*j - 9468. Calculate q(-1).
721
Let t(a) = 267567*a + 802721. Give t(-3).
20
Let m(k) = k**3 - 3*k**2 - 626*k - 2992. What is m(-5)?
-62
Let d(r) = -33*r - 307. Determine d(1).
-340
Let p(l) = -261*l**3 + 8*l**2 - 38*l - 46. Give p(-1).
261
Let t(v) = 5296*v + 76311. Calculate t(-14).
2167
Let c(z) = -2*z**2 + 63481*z + 2097049. Give c(-33).
-2
Let a(y) = 12*y**3 + 9*y**2 - 159*y - 658. Calculate a(-4).
-646
Let b(t) = 4699*t - 751820. What is b(160)?
20
Let z(o) = -422881*o + 8880493. Determine z(21).
-8
Let a(x) = -x**3 + 209*x**2 - 2667*x + 173412. Give a(200).
12
Let a(t) = -3*t**3 - 17*t**2 + 21*t + 7. Determine a(-6).
-83
Let m(j) = -53*j**2 + 646*j - 3913. Determine m(6).
-1945
Let n(i) = i**2 + 38263*i + 1070577. Give n(-28).
-3
Let k(q) = -202*q**2 - 1049*q + 2. Give k(-5).
197
Let r(f) = -88*f**2 - 25812*f - 8211. Determine r(-293).
-7
Let a(d) = d**3 - 145*d**2 - 146*d + 114. Give a(146).
114
Let y(r) = 2430*r + 55674. What is y(-23)?
-216
Let g(h) = -20792*h + 4116829. Give g(198).
13
Let h(q) = 8*q**3 + 793*q**2 + 99*q + 158. Give h(-99).
158
Let q(p) = -752*p - 322624. What is q(-429)?
-16
Let n(b) = -3*b**2 + 2060*b - 12245. What is n(6)?
7
Let b(n) = n**2 + 194*n + 7863. Give b(-65).
-522
Let f(b) = -3106*b - 130462. Give f(-42).
-10
Let m(t) = -23*t**3 - 6256*t**2 + 3*t + 879. Give m(-272).
63
Let t(r) = 14*r + 240. Calculate t(-32).
-208
Let o(a) = -2299*a + 16702. Calculate o(7).
609
Let d(o) = -19*o**2 - 23*o - 12. Give d(-9).
-1344
Let n(l) = l**3 - 28*l**2 - 7428*l + 221036. What is n(30)?
-4
Let i(y) = y**2 + 1406*y + 190614. What is i(-152)?
6
Let l(h) = 42190*h + 1307889. What is l(-31)?
-1
Let k(d) = 23146*d + 833249. Determine k(-36).
-7
Let m(y) = -y**3 - 3*y**2 + 16*y + 64. Determine m(8).
-512
Let m(r) = r**3 - 1308*r**2 - 1147*r - 1929627. Give m(1310).
3
Let i(a) = -15129*a + 484128. Give i(32).
0
Let i(t) = 3*t**3 - 198*t**2 + 742*t + 278. What is i(62)?
154
Let k(z) = -z**3 + 52*z**2 - 254*z + 2991. Give k(48).
15
Let w(z) = -28*z**2 - 1474*z - 10851. Give w(-8).
-851
Let v(x) = x**2 + 40*x - 581. Calculate v(10).
-81
Let d(k) = -k**3 - k**2 - 48*k + 6012. Give d(0).
6012
Let h(u) = 4*u**3 - 581*u**2 + 2946*u - 878. What is h(140)?
-38
Let y(v) = -2*v**2 + 9712*v - 2708040. Give y(297).
6
Let b(g) = -117*g - 10944. Give b(-91).
-297
Let l(c) = -17*c**2 + 3373*c + 26984. What is l(-8)?
-1088
Let h(o) = 393787*o - 3544074. What is h(9)?
9
Let c(n) = -n**3 + 10*n**2 - 38378*n + 422307. Calculate c(11).
28
Let n(a) = 54*a**2 - 81*a - 255. Give n(-3).
474
Let y(x) = -x**2 + 80*x 